{"id":2,"date":"2023-07-18T08:08:01","date_gmt":"2023-07-18T08:08:01","guid":{"rendered":"https:\/\/argonavis.ch\/?page_id=2"},"modified":"2023-08-23T12:45:55","modified_gmt":"2023-08-23T12:45:55","slug":"sample-page","status":"publish","type":"page","link":"https:\/\/argonavis.ch\/","title":{"rendered":"Home"},"content":{"rendered":"\n<p class=\"has-x-large-font-size\"><\/p>\n\n\n\n<div class=\"wp-block-columns is-layout-flex wp-container-core-columns-is-layout-28f84493 wp-block-columns-is-layout-flex\">\n<div class=\"wp-block-column is-layout-flow wp-block-column-is-layout-flow\">\n<div class=\"wp-block-cover is-light has-small-font-size\" style=\"border-style:none;border-width:0px;border-radius:5px;margin-top:0;margin-bottom:0;padding-top:0;padding-bottom:0;min-height:300px;aspect-ratio:unset;\"><span aria-hidden=\"true\" class=\"wp-block-cover__background has-background-dim-20 has-background-dim\" style=\"background-color:#f6f6f6\"><\/span><div class=\"wp-block-cover__inner-container is-layout-flow wp-block-cover-is-layout-flow\">\n<figure class=\"wp-block-image aligncenter size-large is-resized has-custom-border\"><a href=\"https:\/\/argonavis.ch\/?page_id=23\"><img loading=\"lazy\" decoding=\"async\" src=\"https:\/\/argonavis.ch\/wp-content\/uploads\/2023\/08\/icon-01-1024x1024.png\" alt=\"\" class=\"wp-image-103\" style=\"border-style:none;border-width:0px;object-fit:cover;width:220px;height:220px\" width=\"220\" height=\"220\" srcset=\"https:\/\/argonavis.ch\/wp-content\/uploads\/2023\/08\/icon-01-1024x1024.png 1024w, https:\/\/argonavis.ch\/wp-content\/uploads\/2023\/08\/icon-01-300x300.png 300w, https:\/\/argonavis.ch\/wp-content\/uploads\/2023\/08\/icon-01-150x150.png 150w, https:\/\/argonavis.ch\/wp-content\/uploads\/2023\/08\/icon-01-768x769.png 768w, https:\/\/argonavis.ch\/wp-content\/uploads\/2023\/08\/icon-01.png 1063w\" sizes=\"auto, (max-width: 220px) 100vw, 220px\" \/><\/a><\/figure>\n<\/div><\/div>\n<\/div>\n\n\n\n<div class=\"wp-block-column is-vertically-aligned-center is-layout-flow wp-block-column-is-layout-flow\" style=\"padding-top:1em;padding-right:1em;padding-bottom:1em;padding-left:1em\">\n<div class=\"wp-block-columns is-layout-flex wp-container-core-columns-is-layout-28f84493 wp-block-columns-is-layout-flex\">\n<div class=\"wp-block-column is-layout-flow wp-block-column-is-layout-flow\" style=\"flex-basis:320px\">\n<p class=\"has-large-font-size\" style=\"line-height:1.6\"><strong>Dienstleistungen<\/strong><\/p>\n\n\n\n<p class=\"has-small-font-size\" style=\"line-height:1.6\">Ich sehe meine Beratert\u00e4tigkeit vor allem in den Bereichen positions- und wiederholgenaues Spannen von Kleinteilen jeglicher [&#8230;]<\/p>\n\n\n\n<div class=\"wp-block-buttons is-layout-flex wp-block-buttons-is-layout-flex\">\n<div class=\"wp-block-button\"><a class=\"wp-block-button__link wp-element-button\" href=\"https:\/\/argonavis.ch\/?page_id=23\" rel=\"dienstl\">weiterlesen<\/a><\/div>\n<\/div>\n<\/div>\n<\/div>\n<\/div>\n<\/div>\n\n\n\n<div class=\"wp-block-columns is-layout-flex wp-container-core-columns-is-layout-28f84493 wp-block-columns-is-layout-flex\">\n<div class=\"wp-block-column is-vertically-aligned-center is-layout-flow wp-block-column-is-layout-flow\" style=\"padding-top:1em;padding-right:1em;padding-bottom:1em;padding-left:1em\">\n<div class=\"wp-block-columns is-layout-flex wp-container-core-columns-is-layout-28f84493 wp-block-columns-is-layout-flex\">\n<div class=\"wp-block-column is-layout-flow wp-block-column-is-layout-flow\" style=\"flex-basis:320px\">\n<p class=\"has-large-font-size\" style=\"line-height:1.6\"><strong><strong>\u00dcber mich<\/strong><\/strong><\/p>\n\n\n\n<p class=\"has-small-font-size\" style=\"line-height:1.6\"><strong>WERNER VOGEL<\/strong><br>Technical Consultant<br>Expert for wirecutting solutions<\/p>\n\n\n\n<div class=\"wp-block-buttons is-layout-flex wp-block-buttons-is-layout-flex\">\n<div class=\"wp-block-button\"><a class=\"wp-block-button__link wp-element-button\" href=\"https:\/\/argonavis.ch\/?page_id=26\" rel=\"dienstl\">weiterlesen<\/a><\/div>\n<\/div>\n<\/div>\n<\/div>\n<\/div>\n\n\n\n<div class=\"wp-block-column is-layout-flow wp-block-column-is-layout-flow\">\n<div class=\"wp-block-cover is-light\" style=\"border-style:none;border-width:0px;border-radius:5px;margin-top:0;margin-bottom:0;padding-top:0;padding-bottom:0;min-height:300px;aspect-ratio:unset;\"><span aria-hidden=\"true\" class=\"wp-block-cover__background has-background-dim-20 has-background-dim\" style=\"background-color:#f6f6f6\"><\/span><div class=\"wp-block-cover__inner-container is-layout-flow wp-block-cover-is-layout-flow\">\n<figure class=\"wp-block-image aligncenter size-large is-resized\"><a href=\"https:\/\/argonavis.ch\/?page_id=26\"><img loading=\"lazy\" decoding=\"async\" src=\"https:\/\/argonavis.ch\/wp-content\/uploads\/2023\/08\/icon3-03-1024x1024.png\" alt=\"\" class=\"wp-image-102\" style=\"object-fit:cover;width:220px;height:220px\" width=\"220\" height=\"220\" srcset=\"https:\/\/argonavis.ch\/wp-content\/uploads\/2023\/08\/icon3-03-1024x1024.png 1024w, https:\/\/argonavis.ch\/wp-content\/uploads\/2023\/08\/icon3-03-300x300.png 300w, https:\/\/argonavis.ch\/wp-content\/uploads\/2023\/08\/icon3-03-150x150.png 150w, https:\/\/argonavis.ch\/wp-content\/uploads\/2023\/08\/icon3-03-768x768.png 768w, https:\/\/argonavis.ch\/wp-content\/uploads\/2023\/08\/icon3-03.png 1064w\" sizes=\"auto, (max-width: 220px) 100vw, 220px\" \/><\/a><\/figure>\n<\/div><\/div>\n<\/div>\n<\/div>\n\n\n\n<div class=\"wp-block-columns is-layout-flex wp-container-core-columns-is-layout-28f84493 wp-block-columns-is-layout-flex\">\n<div class=\"wp-block-column is-layout-flow wp-block-column-is-layout-flow\">\n<div class=\"wp-block-cover is-light\" style=\"border-style:none;border-width:0px;border-radius:5px;margin-top:0;margin-bottom:0;padding-top:0;padding-bottom:0;min-height:300px;aspect-ratio:unset;\"><span aria-hidden=\"true\" class=\"wp-block-cover__background has-background-dim-20 has-background-dim\" style=\"background-color:#f6f6f6\"><\/span><div class=\"wp-block-cover__inner-container is-layout-flow wp-block-cover-is-layout-flow\">\n<figure class=\"wp-block-image aligncenter size-large is-resized\"><img loading=\"lazy\" decoding=\"async\" src=\"https:\/\/argonavis.ch\/wp-content\/uploads\/2023\/08\/icon2-02-1024x1024.png\" alt=\"\" class=\"wp-image-104\" style=\"object-fit:cover;width:220px;height:220px\" width=\"220\" height=\"220\" srcset=\"https:\/\/argonavis.ch\/wp-content\/uploads\/2023\/08\/icon2-02-1024x1024.png 1024w, https:\/\/argonavis.ch\/wp-content\/uploads\/2023\/08\/icon2-02-300x300.png 300w, https:\/\/argonavis.ch\/wp-content\/uploads\/2023\/08\/icon2-02-150x150.png 150w, https:\/\/argonavis.ch\/wp-content\/uploads\/2023\/08\/icon2-02-768x768.png 768w, https:\/\/argonavis.ch\/wp-content\/uploads\/2023\/08\/icon2-02.png 1064w\" sizes=\"auto, (max-width: 220px) 100vw, 220px\" \/><\/figure>\n<\/div><\/div>\n<\/div>\n\n\n\n<div class=\"wp-block-column is-vertically-aligned-center is-layout-flow wp-block-column-is-layout-flow\" style=\"padding-top:1em;padding-right:1em;padding-bottom:1em;padding-left:1em\">\n<div class=\"wp-block-columns is-layout-flex wp-container-core-columns-is-layout-28f84493 wp-block-columns-is-layout-flex\">\n<div class=\"wp-block-column is-layout-flow wp-block-column-is-layout-flow\" style=\"flex-basis:320px\">\n<p class=\"has-large-font-size\" style=\"line-height:1.6\"><strong>Kontakt<\/strong><\/p>\n\n\n\n<p class=\"has-small-font-size\" style=\"line-height:1.6\">Sie ben\u00f6tigen kreative Unterst\u00fctzung? Schreiben Sie mir gerne eine Nachricht.<\/p>\n\n\n\n<div class=\"wp-block-buttons is-layout-flex wp-block-buttons-is-layout-flex\">\n<div class=\"wp-block-button\"><a class=\"wp-block-button__link wp-element-button\" href=\"https:\/\/argonavis.ch\/?page_id=39\" rel=\"dienstl\">Kontaktdaten<\/a><\/div>\n<\/div>\n<\/div>\n<\/div>\n<\/div>\n<\/div>\n\n\n\n<div style=\"height:100px\" aria-hidden=\"true\" class=\"wp-block-spacer\"><\/div>\n","protected":false},"excerpt":{"rendered":"<p>Dienstleistungen Ich sehe meine Beratert\u00e4tigkeit vor allem in den Bereichen positions- und wiederholgenaues Spannen von Kleinteilen jeglicher [&#8230;] \u00dcber mich WERNER VOGELTechnical ConsultantExpert for wirecutting solutions Kontakt Sie ben\u00f6tigen kreative Unterst\u00fctzung? Schreiben Sie mir gerne eine Nachricht.<\/p>\n","protected":false},"author":1,"featured_media":0,"parent":0,"menu_order":0,"comment_status":"closed","ping_status":"open","template":"","meta":{"site-sidebar-layout":"default","site-content-layout":"default","ast-global-header-display":"","ast-banner-title-visibility":"","ast-main-header-display":"","ast-hfb-above-header-display":"","ast-hfb-below-header-display":"","ast-hfb-mobile-header-display":"","site-post-title":"disabled","ast-breadcrumbs-content":"","ast-featured-img":"","footer-sml-layout":"","theme-transparent-header-meta":"","adv-header-id-meta":"","stick-header-meta":"","header-above-stick-meta":"","header-main-stick-meta":"","header-below-stick-meta":"","footnotes":""},"class_list":["post-2","page","type-page","status-publish","hentry"],"yoast_head":"<!-- This site is optimized with the Yoast SEO plugin v20.11 - https:\/\/yoast.com\/wordpress\/plugins\/seo\/ -->\n<title>Home -<\/title>\n<meta name=\"robots\" content=\"index, follow, max-snippet:-1, max-image-preview:large, max-video-preview:-1\" \/>\n<link rel=\"canonical\" href=\"https:\/\/argonavis.ch\/\" \/>\n<meta property=\"og:locale\" content=\"de_DE\" \/>\n<meta property=\"og:type\" content=\"article\" \/>\n<meta property=\"og:title\" content=\"Home -\" \/>\n<meta property=\"og:description\" content=\"Dienstleistungen Ich sehe meine Beratert\u00e4tigkeit vor allem in den Bereichen positions- und wiederholgenaues Spannen von Kleinteilen jeglicher [&#8230;] \u00dcber mich WERNER VOGELTechnical ConsultantExpert for wirecutting solutions Kontakt Sie ben\u00f6tigen kreative Unterst\u00fctzung? Schreiben Sie mir gerne eine Nachricht.\" \/>\n<meta property=\"og:url\" content=\"https:\/\/argonavis.ch\/\" \/>\n<meta property=\"article:modified_time\" content=\"2023-08-23T12:45:55+00:00\" \/>\n<meta property=\"og:image\" content=\"https:\/\/argonavis.ch\/wp-content\/uploads\/2023\/08\/icon-01-1024x1024.png\" \/>\n<meta name=\"twitter:card\" content=\"summary_large_image\" \/>\n<meta name=\"twitter:label1\" content=\"Gesch\u00e4tzte Lesezeit\" \/>\n\t<meta name=\"twitter:data1\" content=\"1\u00a0Minute\" \/>\n<script type=\"application\/ld+json\" class=\"yoast-schema-graph\">{\"@context\":\"https:\/\/schema.org\",\"@graph\":[{\"@type\":\"WebPage\",\"@id\":\"https:\/\/argonavis.ch\/\",\"url\":\"https:\/\/argonavis.ch\/\",\"name\":\"Home -\",\"isPartOf\":{\"@id\":\"https:\/\/argonavis.ch\/#website\"},\"datePublished\":\"2023-07-18T08:08:01+00:00\",\"dateModified\":\"2023-08-23T12:45:55+00:00\",\"breadcrumb\":{\"@id\":\"https:\/\/argonavis.ch\/#breadcrumb\"},\"inLanguage\":\"de-CH\",\"potentialAction\":[{\"@type\":\"ReadAction\",\"target\":[\"https:\/\/argonavis.ch\/\"]}]},{\"@type\":\"BreadcrumbList\",\"@id\":\"https:\/\/argonavis.ch\/#breadcrumb\",\"itemListElement\":[{\"@type\":\"ListItem\",\"position\":1,\"name\":\"Startseite\",\"item\":\"https:\/\/argonavis.ch\/\"},{\"@type\":\"ListItem\",\"position\":2,\"name\":\"Home\"}]},{\"@type\":\"WebSite\",\"@id\":\"https:\/\/argonavis.ch\/#website\",\"url\":\"https:\/\/argonavis.ch\/\",\"name\":\"argonavis.ch\",\"description\":\"L\u00f6sungen f\u00fcr die Fertigung Spanntechnik Drahterosion Senkerosion Beratung Effizienz Umweltschutz Ressourcenschonung\",\"publisher\":{\"@id\":\"https:\/\/argonavis.ch\/#organization\"},\"potentialAction\":[{\"@type\":\"SearchAction\",\"target\":{\"@type\":\"EntryPoint\",\"urlTemplate\":\"https:\/\/argonavis.ch\/?s={search_term_string}\"},\"query-input\":\"required name=search_term_string\"}],\"inLanguage\":\"de-CH\"},{\"@type\":\"Organization\",\"@id\":\"https:\/\/argonavis.ch\/#organization\",\"name\":\"ARGONAVIS - Fertigung Spanntechnik Drahterosion Senkerosion Beratung Effizienz Umweltschutz Ressourcenschonung\",\"url\":\"https:\/\/argonavis.ch\/\",\"logo\":{\"@type\":\"ImageObject\",\"inLanguage\":\"de-CH\",\"@id\":\"https:\/\/argonavis.ch\/#\/schema\/logo\/image\/\",\"url\":\"https:\/\/argonavis.ch\/wp-content\/uploads\/2023\/07\/Logo_ARGONAVIS.png\",\"contentUrl\":\"https:\/\/argonavis.ch\/wp-content\/uploads\/2023\/07\/Logo_ARGONAVIS.png\",\"width\":1078,\"height\":575,\"caption\":\"ARGONAVIS - Fertigung Spanntechnik Drahterosion Senkerosion Beratung Effizienz Umweltschutz Ressourcenschonung\"},\"image\":{\"@id\":\"https:\/\/argonavis.ch\/#\/schema\/logo\/image\/\"}}]}<\/script>\n<!-- \/ Yoast SEO plugin. -->","yoast_head_json":{"title":"Home -","robots":{"index":"index","follow":"follow","max-snippet":"max-snippet:-1","max-image-preview":"max-image-preview:large","max-video-preview":"max-video-preview:-1"},"canonical":"https:\/\/argonavis.ch\/","og_locale":"de_DE","og_type":"article","og_title":"Home -","og_description":"Dienstleistungen Ich sehe meine Beratert\u00e4tigkeit vor allem in den Bereichen positions- und wiederholgenaues Spannen von Kleinteilen jeglicher [&#8230;] \u00dcber mich WERNER VOGELTechnical ConsultantExpert for wirecutting solutions Kontakt Sie ben\u00f6tigen kreative Unterst\u00fctzung? Schreiben Sie mir gerne eine Nachricht.","og_url":"https:\/\/argonavis.ch\/","article_modified_time":"2023-08-23T12:45:55+00:00","og_image":[{"url":"https:\/\/argonavis.ch\/wp-content\/uploads\/2023\/08\/icon-01-1024x1024.png"}],"twitter_card":"summary_large_image","twitter_misc":{"Gesch\u00e4tzte Lesezeit":"1\u00a0Minute"},"schema":{"@context":"https:\/\/schema.org","@graph":[{"@type":"WebPage","@id":"https:\/\/argonavis.ch\/","url":"https:\/\/argonavis.ch\/","name":"Home -","isPartOf":{"@id":"https:\/\/argonavis.ch\/#website"},"datePublished":"2023-07-18T08:08:01+00:00","dateModified":"2023-08-23T12:45:55+00:00","breadcrumb":{"@id":"https:\/\/argonavis.ch\/#breadcrumb"},"inLanguage":"de-CH","potentialAction":[{"@type":"ReadAction","target":["https:\/\/argonavis.ch\/"]}]},{"@type":"BreadcrumbList","@id":"https:\/\/argonavis.ch\/#breadcrumb","itemListElement":[{"@type":"ListItem","position":1,"name":"Startseite","item":"https:\/\/argonavis.ch\/"},{"@type":"ListItem","position":2,"name":"Home"}]},{"@type":"WebSite","@id":"https:\/\/argonavis.ch\/#website","url":"https:\/\/argonavis.ch\/","name":"argonavis.ch","description":"L\u00f6sungen f\u00fcr die Fertigung Spanntechnik Drahterosion Senkerosion Beratung Effizienz Umweltschutz Ressourcenschonung","publisher":{"@id":"https:\/\/argonavis.ch\/#organization"},"potentialAction":[{"@type":"SearchAction","target":{"@type":"EntryPoint","urlTemplate":"https:\/\/argonavis.ch\/?s={search_term_string}"},"query-input":"required name=search_term_string"}],"inLanguage":"de-CH"},{"@type":"Organization","@id":"https:\/\/argonavis.ch\/#organization","name":"ARGONAVIS - Fertigung Spanntechnik Drahterosion Senkerosion Beratung Effizienz Umweltschutz Ressourcenschonung","url":"https:\/\/argonavis.ch\/","logo":{"@type":"ImageObject","inLanguage":"de-CH","@id":"https:\/\/argonavis.ch\/#\/schema\/logo\/image\/","url":"https:\/\/argonavis.ch\/wp-content\/uploads\/2023\/07\/Logo_ARGONAVIS.png","contentUrl":"https:\/\/argonavis.ch\/wp-content\/uploads\/2023\/07\/Logo_ARGONAVIS.png","width":1078,"height":575,"caption":"ARGONAVIS - Fertigung Spanntechnik Drahterosion Senkerosion Beratung Effizienz Umweltschutz Ressourcenschonung"},"image":{"@id":"https:\/\/argonavis.ch\/#\/schema\/logo\/image\/"}}]}},"_links":{"self":[{"href":"https:\/\/argonavis.ch\/index.php?rest_route=\/wp\/v2\/pages\/2","targetHints":{"allow":["GET"]}}],"collection":[{"href":"https:\/\/argonavis.ch\/index.php?rest_route=\/wp\/v2\/pages"}],"about":[{"href":"https:\/\/argonavis.ch\/index.php?rest_route=\/wp\/v2\/types\/page"}],"author":[{"embeddable":true,"href":"https:\/\/argonavis.ch\/index.php?rest_route=\/wp\/v2\/users\/1"}],"replies":[{"embeddable":true,"href":"https:\/\/argonavis.ch\/index.php?rest_route=%2Fwp%2Fv2%2Fcomments&post=2"}],"version-history":[{"count":11,"href":"https:\/\/argonavis.ch\/index.php?rest_route=\/wp\/v2\/pages\/2\/revisions"}],"predecessor-version":[{"id":108,"href":"https:\/\/argonavis.ch\/index.php?rest_route=\/wp\/v2\/pages\/2\/revisions\/108"}],"wp:attachment":[{"href":"https:\/\/argonavis.ch\/index.php?rest_route=%2Fwp%2Fv2%2Fmedia&parent=2"}],"curies":[{"name":"wp","href":"https:\/\/api.w.org\/{rel}","templated":true}]}}